{"id":1660,"date":"2019-09-06T17:11:12","date_gmt":"2019-09-06T14:11:12","guid":{"rendered":"https:\/\/sovittelu.fi\/kymisaimaa\/?page_id=1660"},"modified":"2019-09-06T17:11:16","modified_gmt":"2019-09-06T14:11:16","slug":"sovittelun-kulku","status":"publish","type":"page","link":"https:\/\/sovittelu.fi\/kymisaimaa\/sovittelun-kulku\/","title":{"rendered":"Sovittelun kulku"},"content":{"rendered":"<p>[et_pb_section fb_built=&#8221;1&#8243; _builder_version=&#8221;3.22&#8243; fb_built=&#8221;1&#8243; bb_built=&#8221;1&#8243; _i=&#8221;0&#8243; _address=&#8221;0&#8243;][et_pb_row column_structure=&#8221;1_2,1_2&#8243; _builder_version=&#8221;3.25&#8243; background_size=&#8221;initial&#8221; background_position=&#8221;top_left&#8221; background_repeat=&#8221;repeat&#8221; _i=&#8221;0&#8243; _address=&#8221;0.0&#8243;][et_pb_column type=&#8221;1_2&#8243; _builder_version=&#8221;3.0.47&#8243; custom_padding=&#8221;|||&#8221; custom_padding__hover=&#8221;|||&#8221; _i=&#8221;0&#8243; _address=&#8221;0.0.0&#8243;][et_pb_text _builder_version=&#8221;3.27.4&#8243; z_index_tablet=&#8221;500&#8243; text_text_shadow_horizontal_length_tablet=&#8221;0px&#8221; text_text_shadow_vertical_length_tablet=&#8221;0px&#8221; text_text_shadow_blur_strength_tablet=&#8221;1px&#8221; link_text_shadow_horizontal_length_tablet=&#8221;0px&#8221; link_text_shadow_vertical_length_tablet=&#8221;0px&#8221; link_text_shadow_blur_strength_tablet=&#8221;1px&#8221; ul_text_shadow_horizontal_length_tablet=&#8221;0px&#8221; ul_text_shadow_vertical_length_tablet=&#8221;0px&#8221; ul_text_shadow_blur_strength_tablet=&#8221;1px&#8221; ol_text_shadow_horizontal_length_tablet=&#8221;0px&#8221; ol_text_shadow_vertical_length_tablet=&#8221;0px&#8221; ol_text_shadow_blur_strength_tablet=&#8221;1px&#8221; quote_text_shadow_horizontal_length_tablet=&#8221;0px&#8221; quote_text_shadow_vertical_length_tablet=&#8221;0px&#8221; quote_text_shadow_blur_strength_tablet=&#8221;1px&#8221; header_text_shadow_horizontal_length_tablet=&#8221;0px&#8221; header_text_shadow_vertical_length_tablet=&#8221;0px&#8221; header_text_shadow_blur_strength_tablet=&#8221;1px&#8221; header_2_text_shadow_horizontal_length_tablet=&#8221;0px&#8221; header_2_text_shadow_vertical_length_tablet=&#8221;0px&#8221; header_2_text_shadow_blur_strength_tablet=&#8221;1px&#8221; header_3_text_shadow_horizontal_length_tablet=&#8221;0px&#8221; header_3_text_shadow_vertical_length_tablet=&#8221;0px&#8221; header_3_text_shadow_blur_strength_tablet=&#8221;1px&#8221; header_4_text_shadow_horizontal_length_tablet=&#8221;0px&#8221; header_4_text_shadow_vertical_length_tablet=&#8221;0px&#8221; header_4_text_shadow_blur_strength_tablet=&#8221;1px&#8221; header_5_text_shadow_horizontal_length_tablet=&#8221;0px&#8221; header_5_text_shadow_vertical_length_tablet=&#8221;0px&#8221; header_5_text_shadow_blur_strength_tablet=&#8221;1px&#8221; header_6_text_shadow_horizontal_length_tablet=&#8221;0px&#8221; header_6_text_shadow_vertical_length_tablet=&#8221;0px&#8221; header_6_text_shadow_blur_strength_tablet=&#8221;1px&#8221; box_shadow_horizontal_tablet=&#8221;0px&#8221; box_shadow_vertical_tablet=&#8221;0px&#8221; box_shadow_blur_tablet=&#8221;40px&#8221; box_shadow_spread_tablet=&#8221;0px&#8221; _i=&#8221;0&#8243; _address=&#8221;0.0.0.0&#8243;]<\/p>\n<h1>Sovittelun kulku<\/h1>\n<p>&nbsp;<\/p>\n<h4><span style=\"font-size: 14pt; color: #5191cd;\"><strong>Sovittelu on vapaaehtoista<\/strong><\/span><\/h4>\n<p><span style=\"font-size: 12pt;\">Sovittelualoitteen saatuaan sovittelutoimisto ottaa yhteytt\u00e4 riidan tai rikoksen osapuoliin ja selvitt\u00e4\u00e4 heid\u00e4n halukkuutensa sovitteluun. Asianosaisille kerrotaan sovittelusta ja sen merkityksest\u00e4, eri osapuolten asemasta sovittelussa sek\u00e4 tukipalveluista sovittelun aikana ja sen j\u00e4lkeen.<\/span><\/p>\n<p><span style=\"font-size: 12pt;\">Sovittelu edellytt\u00e4\u00e4 asianosaisten suostumusta. Asianosaisen ollessa alaik\u00e4inen suostumus kysyt\u00e4\u00e4n paitsi alaik\u00e4iselt\u00e4 itselt\u00e4\u00e4n, my\u00f6s h\u00e4nen huoltajaltaan tai muulta lailliselta edustajalta.<\/span><\/p>\n<p><span style=\"font-size: 12pt;\">Sovittelun vapaaehtoisuuteen kuuluu, ett\u00e4 asianosainen voi halutessaan perua suostumuksensa ja keskeytt\u00e4\u00e4 sovittelun miss\u00e4 vaiheessa tahansa. My\u00f6s sovittelutoimisto voi tehd\u00e4 p\u00e4\u00e4t\u00f6ksen sovittelun keskeytt\u00e4misest\u00e4, jos sovittelun aikana k\u00e4y ilmi, ettei sovittelun jatkamiselle ole edellytyksi\u00e4.<\/span><\/p>\n<p>[\/et_pb_text][\/et_pb_column][et_pb_column type=&#8221;1_2&#8243; _builder_version=&#8221;3.0.47&#8243; custom_padding=&#8221;|||&#8221; custom_padding__hover=&#8221;|||&#8221; _i=&#8221;1&#8243; _address=&#8221;0.0.1&#8243;][et_pb_image src=&#8221;https:\/\/sovittelu.fi\/kymisaimaa\/wp-content\/uploads\/sites\/4\/2019\/04\/auringonteko-1.jpg&#8221; _builder_version=&#8221;3.26.7&#8243; border_radii=&#8221;on|10px|10px|10px|10px&#8221; custom_margin=&#8221;85px|||&#8221; z_index_tablet=&#8221;500&#8243; box_shadow_horizontal_tablet=&#8221;0px&#8221; box_shadow_vertical_tablet=&#8221;0px&#8221; box_shadow_blur_tablet=&#8221;40px&#8221; box_shadow_spread_tablet=&#8221;0px&#8221; _i=&#8221;0&#8243; _address=&#8221;0.0.1.0&#8243;][\/et_pb_image][\/et_pb_column][\/et_pb_row][et_pb_row _builder_version=&#8221;3.25&#8243; background_size=&#8221;initial&#8221; background_position=&#8221;top_left&#8221; background_repeat=&#8221;repeat&#8221; _i=&#8221;1&#8243; _address=&#8221;0.1&#8243;][et_pb_column type=&#8221;4_4&#8243; _builder_version=&#8221;3.0.47&#8243; custom_padding=&#8221;|||&#8221; custom_padding__hover=&#8221;|||&#8221; _i=&#8221;0&#8243; _address=&#8221;0.1.0&#8243;][et_pb_text _builder_version=&#8221;3.27.4&#8243; z_index_tablet=&#8221;500&#8243; text_text_shadow_horizontal_length_tablet=&#8221;0px&#8221; text_text_shadow_vertical_length_tablet=&#8221;0px&#8221; text_text_shadow_blur_strength_tablet=&#8221;1px&#8221; link_text_shadow_horizontal_length_tablet=&#8221;0px&#8221; link_text_shadow_vertical_length_tablet=&#8221;0px&#8221; link_text_shadow_blur_strength_tablet=&#8221;1px&#8221; ul_text_shadow_horizontal_length_tablet=&#8221;0px&#8221; ul_text_shadow_vertical_length_tablet=&#8221;0px&#8221; ul_text_shadow_blur_strength_tablet=&#8221;1px&#8221; ol_text_shadow_horizontal_length_tablet=&#8221;0px&#8221; ol_text_shadow_vertical_length_tablet=&#8221;0px&#8221; ol_text_shadow_blur_strength_tablet=&#8221;1px&#8221; quote_text_shadow_horizontal_length_tablet=&#8221;0px&#8221; quote_text_shadow_vertical_length_tablet=&#8221;0px&#8221; quote_text_shadow_blur_strength_tablet=&#8221;1px&#8221; header_text_shadow_horizontal_length_tablet=&#8221;0px&#8221; header_text_shadow_vertical_length_tablet=&#8221;0px&#8221; header_text_shadow_blur_strength_tablet=&#8221;1px&#8221; header_2_text_shadow_horizontal_length_tablet=&#8221;0px&#8221; header_2_text_shadow_vertical_length_tablet=&#8221;0px&#8221; header_2_text_shadow_blur_strength_tablet=&#8221;1px&#8221; header_3_text_shadow_horizontal_length_tablet=&#8221;0px&#8221; header_3_text_shadow_vertical_length_tablet=&#8221;0px&#8221; header_3_text_shadow_blur_strength_tablet=&#8221;1px&#8221; header_4_text_shadow_horizontal_length_tablet=&#8221;0px&#8221; header_4_text_shadow_vertical_length_tablet=&#8221;0px&#8221; header_4_text_shadow_blur_strength_tablet=&#8221;1px&#8221; header_5_text_shadow_horizontal_length_tablet=&#8221;0px&#8221; header_5_text_shadow_vertical_length_tablet=&#8221;0px&#8221; header_5_text_shadow_blur_strength_tablet=&#8221;1px&#8221; header_6_text_shadow_horizontal_length_tablet=&#8221;0px&#8221; header_6_text_shadow_vertical_length_tablet=&#8221;0px&#8221; header_6_text_shadow_blur_strength_tablet=&#8221;1px&#8221; box_shadow_horizontal_tablet=&#8221;0px&#8221; box_shadow_vertical_tablet=&#8221;0px&#8221; box_shadow_blur_tablet=&#8221;40px&#8221; box_shadow_spread_tablet=&#8221;0px&#8221; _i=&#8221;0&#8243; _address=&#8221;0.1.0.0&#8243;]<\/p>\n<h4><span style=\"font-size: 14pt; color: #5191cd;\"><strong>Sovittelun k\u00e4ynnistyminen<\/strong><\/span><\/h4>\n<p><span style=\"font-size: 12pt;\">Mik\u00e4li sovittelun edellytykset t\u00e4yttyv\u00e4t, sovittelutoimiston vastuuhenkil\u00f6 tekee p\u00e4\u00e4t\u00f6ksen asian ottamisesta sovitteluun. T\u00e4m\u00e4 j\u00e4lkeen sovittelun j\u00e4rjest\u00e4minen ja k\u00e4yt\u00e4nn\u00f6n toteuttaminen siirtyy kahden teht\u00e4v\u00e4\u00e4n koulutetun vapaaehtoissovittelijan hoidettavaksi.<\/span><\/p>\n<p><span style=\"font-size: 12pt;\">Jos sovittelun edellytykset eiv\u00e4t t\u00e4yty, sovittelutoimiston vastuuhenkil\u00f6 tekee kielteisen p\u00e4\u00e4t\u00f6ksen sovitteluun ottamisesta. P\u00e4\u00e4t\u00f6s toimitetaan tiedoksi asianosaisten lis\u00e4ksi aloitteentekij\u00e4lle.<\/span><\/p>\n<h4>\u00a0<\/h4>\n<h4><span style=\"font-size: 14pt; color: #5191cd;\"><strong>Sovittelutapaamiset<\/strong><\/span><\/h4>\n<p><span style=\"font-size: 12pt;\">Sovittelijat sopivat tapaamisista asianosaisten kanssa. Tarvittaessa osapuolet voidaan tavata erikseen ennen yhteist\u00e4 sovittelutapaamista. L\u00e4hisuhdev\u00e4kivallan sovitteluprosessiin kuuluu aina erillistapaamiset.<\/span><\/p>\n<p><span style=\"font-size: 12pt;\">Asianosaisten ohella sovitteluun voivat osallistua tapauksesta riippuen<br \/><\/span><\/p>\n<ul>\n<li><span style=\"font-size: 12pt;\">alaik\u00e4isen tai vajaavaltaisen huoltaja tai muu edustaja<\/span><\/li>\n<li><span style=\"font-size: 12pt;\">sovittelutoimiston varaama tulkki<\/span><\/li>\n<li><span style=\"font-size: 12pt;\"><span style=\"font-size: 12pt;\">asianosaisen tukihenkil\u00f6 tai avustaja<\/span><\/span><\/li>\n<\/ul>\n<p><span style=\"font-size: 12pt;\">Avustajan tai tukihenkil\u00f6n mukanaolosta keskustellaan sovittelutoimiston kanssa ennen tapaamista.<\/span><\/p>\n<p><span style=\"font-size: 12pt;\">Asianosaiset ovat neuvotteluissa aktiivisia ja m\u00e4\u00e4rittelev\u00e4t itse omat tavoitteensa. Tapahtumia k\u00e4sitell\u00e4\u00e4n rakentavassa hengess\u00e4 toinen toistaan kuunnellen. Sovittelijat auttavat osapuolia k\u00e4ym\u00e4\u00e4n tavoitteenmukaista vuoropuhelua ja mik\u00e4li sopimus syntyy, auttavat sen laadinnassa. Mahdollinen sovintoratkaisu on osapuolten v\u00e4linen sopimus, ei sovittelutoimiston p\u00e4\u00e4t\u00f6s tai suositus. Osapuolet allekirjoittavat sopimuksen ja sovittelijat varmentavat sen omalla allekirjoituksellaan.<\/span><\/p>\n<p><span style=\"font-size: 12pt;\">Sovittelussa voidaan sopia, ett\u00e4 sovittelutoimisto seuraa sopimuksen toteutumista. Raha- ja ty\u00f6korvausten osalta seurannasta sovitaan aina.<\/span><\/p>\n<p>&nbsp;<\/p>\n<h4><span style=\"font-size: 14pt; color: #5191cd;\"><strong>Sovittelun j\u00e4lkeen<\/strong><\/span><\/h4>\n<p><span style=\"font-size: 12pt;\">Sovittelutoimisto l\u00e4hett\u00e4\u00e4 rikosasian sovittelusopimuksen tiedoksi oikeusviranomaisille ja tarvittaessa muulle sovittelualoitteen tekij\u00e4lle. Mik\u00e4li sovittelu keskeytyy tai sopimusta ei synny, l\u00e4hetet\u00e4\u00e4n siit\u00e4 tieto aloitteentekij\u00e4lle.<\/span><\/p>\n<p><span style=\"font-size: 12pt;\">Sovittelutoimisto seuraa sovittelusopimuksen toteutumista, ilmoittaa oikeusviranomaisille sen t\u00e4yttymisest\u00e4 ja neuvoo tarvittaessa osapuolia korvausten maksamisessa ja saamisessa.<\/span><\/p>\n<p>&nbsp;<\/p>\n<h4><span style=\"color: #5191cd;\"><strong><span style=\"font-size: 14pt;\">Sovittelun eteneminen<\/span><\/strong><\/span><\/h4>\n<p>[\/et_pb_text][et_pb_image src=&#8221;https:\/\/sovittelu.fi\/kymisaimaa\/wp-content\/uploads\/sites\/4\/2019\/05\/Sovittelualoite.jpg&#8221; _builder_version=&#8221;3.27.4&#8243; z_index_tablet=&#8221;500&#8243; box_shadow_horizontal_tablet=&#8221;0px&#8221; box_shadow_vertical_tablet=&#8221;0px&#8221; box_shadow_blur_tablet=&#8221;40px&#8221; box_shadow_spread_tablet=&#8221;0px&#8221; _i=&#8221;1&#8243; _address=&#8221;0.1.0.1&#8243;][\/et_pb_image][\/et_pb_column][\/et_pb_row][\/et_pb_section]<\/p>\n","protected":false},"excerpt":{"rendered":"<p>Sovittelun kulku &nbsp; Sovittelu on vapaaehtoista Sovittelualoitteen saatuaan sovittelutoimisto ottaa yhteytt\u00e4 riidan tai rikoksen osapuoliin ja selvitt\u00e4\u00e4 heid\u00e4n halukkuutensa sovitteluun. Asianosaisille kerrotaan sovittelusta ja sen merkityksest\u00e4, eri osapuolten asemasta sovittelussa sek\u00e4 tukipalveluista sovittelun aikana ja sen j\u00e4lkeen. Sovittelu edellytt\u00e4\u00e4 asianosaisten suostumusta. Asianosaisen ollessa alaik\u00e4inen suostumus kysyt\u00e4\u00e4n paitsi alaik\u00e4iselt\u00e4 itselt\u00e4\u00e4n, my\u00f6s h\u00e4nen huoltajaltaan tai muulta lailliselta [&hellip;]<\/p>\n","protected":false},"author":1,"featured_media":0,"parent":0,"menu_order":0,"comment_status":"closed","ping_status":"closed","template":"","meta":{"_et_pb_use_builder":"on","_et_pb_old_content":"","_et_gb_content_width":"","footnotes":""},"class_list":["post-1660","page","type-page","status-publish","hentry"],"yoast_head":"<!-- This site is optimized with the Yoast SEO plugin v27.2 - https:\/\/yoast.com\/product\/yoast-seo-wordpress\/ -->\n<title>Sovittelun kulku - Kymi-Saimaan sovittelutoimisto<\/title>\n<meta name=\"robots\" content=\"index, follow, max-snippet:-1, max-image-preview:large, max-video-preview:-1\" \/>\n<link rel=\"canonical\" href=\"https:\/\/sovittelu.fi\/kymisaimaa\/sovittelun-kulku\/\" \/>\n<meta property=\"og:locale\" content=\"fi_FI\" \/>\n<meta property=\"og:type\" content=\"article\" \/>\n<meta property=\"og:title\" content=\"Sovittelun kulku - Kymi-Saimaan sovittelutoimisto\" \/>\n<meta property=\"og:description\" content=\"Sovittelun kulku &nbsp; Sovittelu on vapaaehtoista Sovittelualoitteen saatuaan sovittelutoimisto ottaa yhteytt\u00e4 riidan tai rikoksen osapuoliin ja selvitt\u00e4\u00e4 heid\u00e4n halukkuutensa sovitteluun. Asianosaisille kerrotaan sovittelusta ja sen merkityksest\u00e4, eri osapuolten asemasta sovittelussa sek\u00e4 tukipalveluista sovittelun aikana ja sen j\u00e4lkeen. Sovittelu edellytt\u00e4\u00e4 asianosaisten suostumusta. Asianosaisen ollessa alaik\u00e4inen suostumus kysyt\u00e4\u00e4n paitsi alaik\u00e4iselt\u00e4 itselt\u00e4\u00e4n, my\u00f6s h\u00e4nen huoltajaltaan tai muulta lailliselta [&hellip;]\" \/>\n<meta property=\"og:url\" content=\"https:\/\/sovittelu.fi\/kymisaimaa\/sovittelun-kulku\/\" \/>\n<meta property=\"og:site_name\" content=\"Kymi-Saimaan sovittelutoimisto\" \/>\n<meta property=\"article:modified_time\" content=\"2019-09-06T14:11:16+00:00\" \/>\n<meta name=\"twitter:card\" content=\"summary_large_image\" \/>\n<meta name=\"twitter:label1\" content=\"Arvioitu lukuaika\" \/>\n\t<meta name=\"twitter:data1\" content=\"5 minuuttia\" \/>\n<script type=\"application\/ld+json\" class=\"yoast-schema-graph\">{\"@context\":\"https:\/\/schema.org\",\"@graph\":[{\"@type\":\"WebPage\",\"@id\":\"https:\/\/sovittelu.fi\/kymisaimaa\/sovittelun-kulku\/\",\"url\":\"https:\/\/sovittelu.fi\/kymisaimaa\/sovittelun-kulku\/\",\"name\":\"Sovittelun kulku - Kymi-Saimaan sovittelutoimisto\",\"isPartOf\":{\"@id\":\"https:\/\/sovittelu.fi\/kymisaimaa\/#website\"},\"datePublished\":\"2019-09-06T14:11:12+00:00\",\"dateModified\":\"2019-09-06T14:11:16+00:00\",\"breadcrumb\":{\"@id\":\"https:\/\/sovittelu.fi\/kymisaimaa\/sovittelun-kulku\/#breadcrumb\"},\"inLanguage\":\"fi\",\"potentialAction\":[{\"@type\":\"ReadAction\",\"target\":[\"https:\/\/sovittelu.fi\/kymisaimaa\/sovittelun-kulku\/\"]}]},{\"@type\":\"BreadcrumbList\",\"@id\":\"https:\/\/sovittelu.fi\/kymisaimaa\/sovittelun-kulku\/#breadcrumb\",\"itemListElement\":[{\"@type\":\"ListItem\",\"position\":1,\"name\":\"Home\",\"item\":\"https:\/\/sovittelu.fi\/kymisaimaa\/\"},{\"@type\":\"ListItem\",\"position\":2,\"name\":\"Sovittelun kulku\"}]},{\"@type\":\"WebSite\",\"@id\":\"https:\/\/sovittelu.fi\/kymisaimaa\/#website\",\"url\":\"https:\/\/sovittelu.fi\/kymisaimaa\/\",\"name\":\"Kymi-Saimaan sovittelutoimisto\",\"description\":\"Kymi-Saimaan sovittelutoimisto\",\"potentialAction\":[{\"@type\":\"SearchAction\",\"target\":{\"@type\":\"EntryPoint\",\"urlTemplate\":\"https:\/\/sovittelu.fi\/kymisaimaa\/?s={search_term_string}\"},\"query-input\":{\"@type\":\"PropertyValueSpecification\",\"valueRequired\":true,\"valueName\":\"search_term_string\"}}],\"inLanguage\":\"fi\"}]}<\/script>\n<!-- \/ Yoast SEO plugin. -->","yoast_head_json":{"title":"Sovittelun kulku - Kymi-Saimaan sovittelutoimisto","robots":{"index":"index","follow":"follow","max-snippet":"max-snippet:-1","max-image-preview":"max-image-preview:large","max-video-preview":"max-video-preview:-1"},"canonical":"https:\/\/sovittelu.fi\/kymisaimaa\/sovittelun-kulku\/","og_locale":"fi_FI","og_type":"article","og_title":"Sovittelun kulku - Kymi-Saimaan sovittelutoimisto","og_description":"Sovittelun kulku &nbsp; Sovittelu on vapaaehtoista Sovittelualoitteen saatuaan sovittelutoimisto ottaa yhteytt\u00e4 riidan tai rikoksen osapuoliin ja selvitt\u00e4\u00e4 heid\u00e4n halukkuutensa sovitteluun. Asianosaisille kerrotaan sovittelusta ja sen merkityksest\u00e4, eri osapuolten asemasta sovittelussa sek\u00e4 tukipalveluista sovittelun aikana ja sen j\u00e4lkeen. Sovittelu edellytt\u00e4\u00e4 asianosaisten suostumusta. Asianosaisen ollessa alaik\u00e4inen suostumus kysyt\u00e4\u00e4n paitsi alaik\u00e4iselt\u00e4 itselt\u00e4\u00e4n, my\u00f6s h\u00e4nen huoltajaltaan tai muulta lailliselta [&hellip;]","og_url":"https:\/\/sovittelu.fi\/kymisaimaa\/sovittelun-kulku\/","og_site_name":"Kymi-Saimaan sovittelutoimisto","article_modified_time":"2019-09-06T14:11:16+00:00","twitter_card":"summary_large_image","twitter_misc":{"Arvioitu lukuaika":"5 minuuttia"},"schema":{"@context":"https:\/\/schema.org","@graph":[{"@type":"WebPage","@id":"https:\/\/sovittelu.fi\/kymisaimaa\/sovittelun-kulku\/","url":"https:\/\/sovittelu.fi\/kymisaimaa\/sovittelun-kulku\/","name":"Sovittelun kulku - Kymi-Saimaan sovittelutoimisto","isPartOf":{"@id":"https:\/\/sovittelu.fi\/kymisaimaa\/#website"},"datePublished":"2019-09-06T14:11:12+00:00","dateModified":"2019-09-06T14:11:16+00:00","breadcrumb":{"@id":"https:\/\/sovittelu.fi\/kymisaimaa\/sovittelun-kulku\/#breadcrumb"},"inLanguage":"fi","potentialAction":[{"@type":"ReadAction","target":["https:\/\/sovittelu.fi\/kymisaimaa\/sovittelun-kulku\/"]}]},{"@type":"BreadcrumbList","@id":"https:\/\/sovittelu.fi\/kymisaimaa\/sovittelun-kulku\/#breadcrumb","itemListElement":[{"@type":"ListItem","position":1,"name":"Home","item":"https:\/\/sovittelu.fi\/kymisaimaa\/"},{"@type":"ListItem","position":2,"name":"Sovittelun kulku"}]},{"@type":"WebSite","@id":"https:\/\/sovittelu.fi\/kymisaimaa\/#website","url":"https:\/\/sovittelu.fi\/kymisaimaa\/","name":"Kymi-Saimaan sovittelutoimisto","description":"Kymi-Saimaan sovittelutoimisto","potentialAction":[{"@type":"SearchAction","target":{"@type":"EntryPoint","urlTemplate":"https:\/\/sovittelu.fi\/kymisaimaa\/?s={search_term_string}"},"query-input":{"@type":"PropertyValueSpecification","valueRequired":true,"valueName":"search_term_string"}}],"inLanguage":"fi"}]}},"_links":{"self":[{"href":"https:\/\/sovittelu.fi\/kymisaimaa\/wp-json\/wp\/v2\/pages\/1660","targetHints":{"allow":["GET"]}}],"collection":[{"href":"https:\/\/sovittelu.fi\/kymisaimaa\/wp-json\/wp\/v2\/pages"}],"about":[{"href":"https:\/\/sovittelu.fi\/kymisaimaa\/wp-json\/wp\/v2\/types\/page"}],"author":[{"embeddable":true,"href":"https:\/\/sovittelu.fi\/kymisaimaa\/wp-json\/wp\/v2\/users\/1"}],"replies":[{"embeddable":true,"href":"https:\/\/sovittelu.fi\/kymisaimaa\/wp-json\/wp\/v2\/comments?post=1660"}],"version-history":[{"count":0,"href":"https:\/\/sovittelu.fi\/kymisaimaa\/wp-json\/wp\/v2\/pages\/1660\/revisions"}],"wp:attachment":[{"href":"https:\/\/sovittelu.fi\/kymisaimaa\/wp-json\/wp\/v2\/media?parent=1660"}],"curies":[{"name":"wp","href":"https:\/\/api.w.org\/{rel}","templated":true}]}}